ide 67162855?
False
Is 680809928 a multiple of 4?
True
Does 228 divide 2064507?
False
Does 291 divide 213739791?
True
Is 66 a factor of 485178403?
False
Does 22 divide 3602063739?
False
Does 2243 divide 85155495?
True
Does 11 divide 54097416?
False
Is 476303842 a multiple of 373?
True
Is 45333900 a multiple of 4?
True
Does 34 divide 11556328?
True
Does 14 divide 1546103524?
True
Is 444811891 a multiple of 304?
False
Is 112493606 a multiple of 21?
False
Is 12 a factor of 632869908?
True
Is 564 a factor of 41461811?
False
Is 78 a factor of 191716566?
False
Is 9 a factor of 53717904?
True
Is 153705816 a multiple of 132?
True
Does 107 divide 64010906?
False
Is 80 a factor of 11259145?
False
Does 5 divide 54077029?
False
Does 23 divide 3468179745?
False
Is 476018944 a multiple of 3569?
True
Is 45308729 a multiple of 1957?
False
Does 94 divide 66740834?
False
Is 471294805 a multiple of 145?
True
Does 7 divide 235737457?
False
Is 6413733 a multiple of 932?
False
Is 273700484 a multiple of 1161?
False
Is 231578538 a multiple of 3511?
True
Is 2346 a factor of 69847458?
True
Is 176363848 a multiple of 2593?
False
Is 87 a factor of 514489116?
True
Is 820059672 a multiple of 636?
True
Is 618242304 a multiple of 1544?
True
Is 12388211 a multiple of 13?
False
Does 2384 divide 966628560?
True
Is 82736309 a multiple of 127?
True
Does 142 divide 429681350?
True
Does 13 divide 649678211?
True
Does 4451 divide 122580540?
True
Is 132 a factor of 11856021?
False
Does 13 divide 1138748039?
True
Is 161465317 a multiple of 1628?
False
Does 55 divide 887915111?
False
Is 95448175 a multiple of 215?
True
Is 54106464 a multiple of 1578?
True
Is 161 a factor of 546476717?
False
Is 177 a factor of 18701720?
False
Is 171 a factor of 11476836?
True
Is 528989535 a multiple of 81?
True
Is 799295371 a multiple of 2777?
False
Is 21 a factor of 232517355?
True
Does 173 divide 162188884?
True
Does 717 divide 526410645?
True
Does 3641 divide 105680025?
True
Does 24 divide 2479241688?
True
Does 220 divide 1135455860?
True
Does 1585 divide 58158405?
True
Does 61 divide 15228162?
True
Is 7 a factor of 19680908?
False
Does 3433 divide 11668767?
True
Is 367857922 a multiple of 37?
True
Does 28 divide 1494636923?
False
Is 44 a factor of 1215804832?
True
Is 80 a factor of 18165440?
True
Is 12 a factor of 325317636?
True
Is 1203 a factor of 2228675923?
False
Is 698012588 a multiple of 68?
True
Is 62 a factor of 1278288224?
True
Is 662292481 a multiple of 13?
False
Is 1450551092 a multiple of 470?
False
Is 338 a factor of 21779495?
False
Does 482 divide 90143640?
True
Is 3 a factor of 276118728?
True
Is 47265079 a multiple of 8?
False
Does 12 divide 10466511?
False
Does 156 divide 10955724?
True
Is 455 a factor of 52750880?
True
Is 4312 a factor of 1656515396?
False
Is 665011450 a multiple of 2155?
True
Is 1060890 a multiple of 10?
True
Is 2872 a factor of 2961032?
True
Is 193787040 a multiple of 80?
True
Does 181 divide 196849455?
False
Does 53 divide 236847407?
True
Is 892570434 a multiple of 42?
True
Is 81092517 a multiple of 25?
False
Is 12 a factor of 219834336?
True
Is 9 a factor of 638803899?
True
Does 3 divide 5250576?
True
Is 386006992 a multiple of 17?
False
Does 34 divide 131154314?
False
Is 84532488 a multiple of 9?
False
Is 236 a factor of 3023985?
False
Does 183 divide 48081969?
True
Does 659 divide 3603412?
True
Is 312095772 a multiple of 2118?
True
Is 75322104 a multiple of 1768?
True
Is 3359734812 a multiple of 6?
True
Is 803167212 a multiple of 329?
False
Is 230948816 a multiple of 28?
True
Is 3666 a factor of 1422158712?
True
Is 45508968 a multiple of 8?
True
Is 655 a factor of 46371380?
True
Does 5 divide 2890358860?
True
Is 37 a factor of 344337318?
True
Does 2621 divide 421447113?
False
Is 322549311 a multiple of 147?
True
Is 611 a factor of 631503327?
True
Is 442 a factor of 64501502?
True
Is 11389253 a multiple of 33?
False
Is 255 a factor of 3139406745?
True
Is 11 a factor of 40472135?
True
Does 19 divide 78596312?
True
Does 60 divide 1167579300?
True
Is 672533509 a multiple of 98?
False
Is 42376728 a multiple of 118?
False
Is 27694970 a multiple of 10?
True
Does 4969 divide 1083506416?
False
Is 128 a factor of 239899308?
False
Is 20 a factor of 1138560?
True
Is 185 a factor of 77151344?
False
Does 177 divide 1346599008?
True
Does 1078 divide 69487446?
False
Does 21 divide 349336382?
False
Is 828969674 a multiple of 13?
True
Is 12107400 a multiple of 425?
True
Is 13 a factor of 522048371?
True
Is 24808098 a multiple of 21?
True
Is 100 a factor of 731187700?
True
Is 6 a factor of 30599909?
False
Does 6783 divide 157704750?
True
Is 177 a factor of 22994601?
True
Is 22 a factor of 39359166?
True
Is 146 a factor of 32475931?
False
Does 5186 divide 452660441?
False
Does 2 divide 251320056?
True
Is 840 a factor of 22706604?
False
Is 639505651 a multiple of 15?
False
Does 5 divide 2853695?
True
Is 42 a factor of 845438209?
False
Does 2999 divide 4245863483?
False
Is 20 a factor of 246838180?
True
Is 45992846 a multiple of 313?
True
Does 96 divide 168868896?
True
Does 273 divide 84818643?
True
Does 12 divide 5476117?
False
Is 35203955 a multiple of 316?
False
Does 204 divide 58410096?
True
Does 1009 divide 357546213?
True
Is 95 a factor of 2118405?
True
Is 356310504 a multiple of 6234?
True
Is 3758 a factor of 1807545388?
True
Does 1274 divide 387329932?
False
Does 202 divide 269422146?
True
Is 875 a factor of 85563227?
False
Does 5 divide 334064?
False
Is 15432554 a multiple of 11?
False
Does 6 divide 2804160?
True
Is 30150305 a multiple of 71?
False
Is 12 a factor of 2269305033?
False
Is 60953418 a multiple of 29?
True
Is 1213 a factor of 13004573?
True
Is 157 a factor of 13559678?
False
Does 11 divide 44620873?
True
Is 128423476 a multiple of 22?
False
Is 520871402 a multiple of 23?
False
Is 7 a factor of 1848532?
True
Is 955110 a multiple of 1027?
True
Is 5 a factor of 7205152?
False
Is 1399 a factor of 960656926?
True
Does 4 divide 8234938?
False
Does 1002 divide 2856552049?
False
Is 127 a factor of 158917608?
False
Does 390 divide 524152368?
False
Does 7066 divide 603959284?
True
Does 48 divide 1621968?
True
Is 9 a factor of 584464923?
True
Is 269107144 a multiple of 125?
False
Is 10 a factor of 100321138?
False
Is 208664038 a multiple of 9?
False
Does 153 divide 91566055?
False
Does 262 divide 13472564?
True
Does 18 divide 944713103?
False
Does 6679 divide 1179388961?
False
Is 9348915 a multiple of 15?
True
Is 2 a factor of 4452636?
True
Is 545180830 a multiple of 660?
False
Is 156 a factor of 150546552?
True
Is 38465810 a multiple of 54?
False
Does 1144 divide 2523469148?
False
Is 86 a factor of 196763421?
False
Is 1041960673 a multiple of 13?
True
Is 1341 a factor of 345771529?
False
Does 46 divide 695850682?
False
Does 20 divide 9565180?
True
Does 214 divide 149372163?
False
Is 200052767 a multiple of 19?
True
Is 89794166 a multiple of 341?
True
Is 9 a factor of 3068359578?
True
Is 40474811 a multiple of 1502?
False
Is 545819625 a multiple of 3296?
False
Does 99 divide 86910581?
False
Is 291 a factor of 8335113?
True
Is 7 a factor of 105581296?
False
Does 42 divide 73903536?
True
Does 14 divide 85800855?
False
Is 1209 a factor of 1028954242?
False
Is 9360 a factor of 2999880000?
True
Is 289 a factor of 183569403?
False
Is 88 a factor of 29409923?
False
Is 23698808 a multiple of 56?
True
Does 78 divide 819025?
False
Does 29 divide 154417772?
False
Does 4812 divide 1611370547?
False
Is 2204086610 a multiple of 14?
False
Is 355 a factor of 15999242?
False
Does 5 divide 375343?
False
Is 1409 a factor of 704545902?
False
Is 11632269 a multiple of 11?
True
Does 218 divide 8520748?
True
Is 91 a factor of 9783137?
True
Is 588156814 a multiple of 7?
True
Is 3314 a factor of 183028906?
True
Is 13 a factor of 2181474282?
True
Is 32532790 a multiple of 12?
False
Does 943 divide 71704777?
True
Is 17206593 a multiple of 123?
True
Does 13 divide 102192064?
True
Is 2450 a factor of 68122091?
False
Is 4204400 a multiple of 80?
True
Does 3263 divide 65915863?
True
Does 3 divide 21546876?
True
Does 322 divide 31967081?
False
Is 93 a factor of 230825070?
True
Is 639 a factor of 1805175?
True
Is 346363789 a multiple of 2701?
False
Is 215 a factor of 4880633?
False
Does 48 divide 